657. Let u = h + 9904. Is u a composite number?
True
Let h(c) be the third derivative of 0 - 1/60*c**5 - 5*c**2 + 1/24*c**4 + 3371/6*c**3 + 0*c. Is h(0) a prime number?
True
Is 853/(((-22)/(-274))/11) a prime number?
False
Is 15307748/32 + 56/(-448) composite?
True
Let b(s) = -s**2 - 1. Let r(d) = -2037*d**2 + 6*d - 4. Let c(k) = -3*b(k) - r(k). Is c(1) composite?
True
Let l(s) = 44*s**2 - s - 14. Let x(d) = -43*d**2 + d + 13. Let y(b) = -6*l(b) - 7*x(b). Is y(-3) prime?
False
Let x = 570207 - 160276. Is x a composite number?
True
Let n(h) = 3176*h**3 + 3*h**2 - 15*h + 127. Is n(5) composite?
False
Is (6 - (7 + 0))/(-1) + 35250 a prime number?
True
Let l = -232 - -549. Is l prime?
True
Suppose -3*c - 2*v = 2*c - 26, 0 = -c + 3*v - 5. Suppose 5*f + 4*q + 0 = 4, -c*f + 2*q = 2. Suppose f = 4*m + 4*m - 5296. Is m prime?
False
Let y(o) be the first derivative of o**4/4 + 3*o**3 + 2*o**2 - 7*o + 87. Is y(-6) a prime number?
False
Let n(b) = 5750*b**2 - 20*b - 59. Is n(-9) composite?
True
Let b(j) = -23*j**3 + j**2 + 2*j - 3. Let o be b(1). Let h = 155 + o. Let x = -73 + h. Is x prime?
True
Let q(i) = i**3 + 25*i**2 - 26*i + 31. Let p(v) = 37*v**3 - v + 6*v**2 - 74*v**3 + 38*v**3 - 26. Let m be p(0). Is q(m) composite?
False
Suppose 0 = -15*a + 10 + 20. Suppose 0 = -a*r + 4*k + 23402, -r + 13114 = 5*k + 1392. Is r prime?
False
Let b(z) = 144*z**2 + 42*z + 3. Let j be b(-5). Suppose 4*c - j = 3643. Is c a composite number?
False
Suppose 53*d - 61*d - 32 = 0. Let q be (-478)/(-2*(-2)/(-6)). Is 2/(6/q) + d a composite number?
True
Suppose -9*f - 36 = -12*f. Suppose 3*c + 32 = -2*o, -2*c - f + 64 = -2*o. Is 2 - 7*38*o/4 a composite number?
True
Let x = 74372 - -5739. Is x composite?
False
Is (22 + -31)*8/6*-4259 - -1 a prime number?
True
Let v(w) = 4*w + 7. Let f be v(-1). Suppose c + 0*t = 2*t - f, 0 = c - 5*t + 15. Suppose 3*j + 844 = x, -2*x - c*j = 2*x - 3291. Is x composite?
False
Suppose 3*q = 4*d + 10269, 6*q + d + 17115 = 11*q. Let h = 6032 - q. Is h a composite number?
False
Is 10/(170/51) - -32808 prime?
False
Let o(d) = -5*d - 18. Let a be o(-4). Suppose a*n = 2*v - n + 15, v - n = -5. Suppose -3*w - 3*l + 6*l + 1887 = v, 5*l + 2514 = 4*w. Is w prime?
True
Let p(x) = 3*x - 3. Let r be p(7). Suppose -r*y + 77 = -7*y. Is (y + -4)/(3/331) prime?
True
Let l = -95 + 105. Let i(k) = 3*k**3 - 13*k**2 + 19*k - 23. Is i(l) a composite number?
False
Let s be 3*(-4 - (4/(-4) - 4)). Let x be (-9)/s - (-2 - 43). Suppose 46*m - 76 = x*m. Is m a prime number?
True
Let h = 691345 + 207084. Is h composite?
True
Let g = 35810 + 261349. Is g composite?
True
Let u = 12431 + -3029. Suppose -20 = 5*y, 4*i - u - 4998 = y. Is i a prime number?
False
Let p(k) = 22*k**2 + 10*k + 28. Let c be p(-3). Let x be (-1)/(-2)*-2*113. Let r = c + x. Is r a composite number?
False
Suppose 4*b = 5*n - 9 + 20, 2*n - 4*b + 2 = 0. Is 1/n + (-8314)/(-3) composite?
True
Suppose 14*x + 5*p + 18 = 15*x, 2*x - 12 = 2*p. Suppose -x*d + 19*d - 151824 = 0. Is d prime?
False
Let t = 470878 + -318464. Is t prime?
False
Is -10 - (19 + 16 + -168896) composite?
False
Let a be ((-11)/22 - (-477)/2) + 3. Let h = a - 63. Is h composite?
True
Let q(b) = -4368*b**3 + 2*b**2 - 5*b - 2. Let s(w) = -4368*w**3 + 3*w**2 - 6*w - 4. Let j(c) = -4*q(c) + 3*s(c). Is j(1) composite?
True
Suppose -135804 - 52472 - 118786 = -42*o. Is o a composite number?
True
Let d(w) = 1185*w + 14. Let k(p) = 3*p + 20. Let n be k(-5). Is d(n) prime?
True
Suppose 22*s - 9435295 + 1167656 = -7*s. Is s composite?
False
Let r be 126/(-63) + (0 - -2)*-1. Let v be r/22 + (-230285)/(-121). Suppose -q = -v + 494. Is q a prime number?
True
Is 1*(-18*17122 + 2)*(-16)/32 a prime number?
True
Suppose 0 = m - 2*d - 269, -96 - 952 = -4*m + d. Suppose -491 = -2*p + 825. Let z = p - m. Is z prime?
True
Is 103937 + (-3)/((-9)/6) - 2 a composite number?
True
Let m(n) = -6640*n. Let r be m(-19). Is 17/(34/r) - 1 a composite number?
False
Suppose -k + 5561 = -4*d, k + d - 1756 = 3800. Is k a prime number?
True
Let v(q) = 508*q**2 - 106*q + 2287. Is v(19) composite?
False
Suppose 0 = 4*g + 11 - 19. Suppose 0 = 5*j + 4*w - 1189 - 39, -g*w + 986 = 4*j. Suppose -261 = -c - q, -q = -c + j + 9. Is c composite?
True
Let i be (-32)/40*5*-3 - 2. Suppose -8742 = -i*j + 4*j. Is j a prime number?
False
Is (-1122)/14*-3623 + 52/(-91) prime?
False
Suppose -4*h = 2*a - 447994, -2*a + 448003 = -54*h + 49*h. Is a a prime number?
True
Is 230133 + (12 - (-48)/(-6)) a composite number?
False
Let x = -20 + 22. Suppose -x*w = -a - 176, -2*w + 4*a = -194 + 24. Is w a composite number?
False
Suppose x + 213 = 2654. Suppose 2438 = 4*s + s - i, 0 = 5*s - 2*i - x. Is s prime?
True
Let r(u) = 163*u**2 - 38*u + 227. Is r(14) a prime number?
True
Let s = -239 - -517. Suppose 4*l + s = 8746. Is l a composite number?
True
Let m(u) = 49*u**2 - 55*u + 353. Is m(-25) composite?
False
Let l(t) = -2*t**3 + 28*t**2 + 18*t + 37. Let z be l(15). Let j = -120 - z. Is j composite?
False
Let y(o) = -3*o**3 - 50*o**2 - 50*o - 16. Let n(g) = -g**3 - 17*g**2 - 17*g - 5. Let h(j) = 17*n(j) - 6*y(j). Let r be (2/4*4)/(2/(-9)). Is h(r) composite?
True
Suppose -3*r + 12312748 - 1870379 = 4*n, n - 2*r = 2610573. Is n a prime number?
False
Suppose 0 = -14*y + 4*y + 52730. Is y composite?
False
Let s = -5 - -7. Suppose s*q - o + 1830 = 3*q, q = 5*o + 1860. Suppose d + q = 2*d. Is d composite?
True
Let x(a) = a**3 + 22*a**2 + 21*a + 3. Let v be x(-21). Suppose 0 = 4*k - v*j - 167504, -3*k + k - 2*j = -83766. Is k a composite number?
False
Let u = -60841 - -108704. Is u composite?
True
Let c = -106 - -172. Let a = c - 64. Suppose p - a*p + 149 = 0. Is p a composite number?
False
Suppose -3*v + 64942250 = 210*v + 37*v. Is v prime?
False
Suppose -176 = 2*s - c, 0 = 3*c - 5*c. Let r = s + -42. Let t = 261 - r. Is t prime?
False
Let d(o) = o**2 + 10*o - 18. Let g be d(2). Let w be 2/(-4) - (-45)/(-18). Is (-4 - 598/w)*g/4 a composite number?
False
Suppose -20*p + 20 = -80. Suppose -50539 = -p*s + 4*b, 14*b - 10*b + 20206 = 2*s. Is s a composite number?
False
Suppose 14 = 7*q - 0*q. Let x be q + 3*(2 + 3 + -4). Suppose 0*f + s - 3388 = -x*f, -4*s + 3397 = 5*f. Is f composite?
False
Let n(g) = -11*g + 15. Let m be n(5). Let o = m - -43. Suppose -o*i + 241 = -2252. Is i a composite number?
True
Let r(a) = 2*a**2 + 5*a - 61. Let j = -115 + 145. Is r(j) composite?
False
Suppose 5*n = -2*b + 10, 0 = 3*n - 2*n + 5*b - 25. Suppose 420 = -14*p + 504. Is 16743/p*1*(2 - n) a composite number?
False
Let k(t) = -142*t + 55. Let u(r) = 142*r - 51. Let g(c) = 4*k(c) + 5*u(c). Let i be (-150)/(-24) - 2/8. Is g(i) a composite number?
True
Suppose -g = -n - 217639, 105*g + 217663 = 106*g + 5*n. Is g a prime number?
True
Let k = -4863 + 8270. Is k a composite number?
False
Let a = 14614 - 3927. Is a prime?
True
Suppose 5*i = -2*k + 4, -4*i + 2*i = -4*k + 8. Let g(c) = 7*c - 26. Let z be g(4). Suppose -146 = -6*o + 4*o + z*j, -k*j = -5*o + 359. Is o a composite number?
False
Suppose -9*n - 71549 = -2*q, -q + 25637 = 2*n - 10170. Is q a prime number?
True
Let b(t) = -226*t + 1 - 9*t - 651*t. Suppose 0 = -s - 5*q - 6, 0*s = s + 3*q + 4. Is b(s) a composite number?
False
Let g(h) = 109*h**2 - 3*h - 1. Let u be g(4). Let s = 5 - 0. Suppose -u - 1774 = -s*i. Is i prime?
True
Let l = -47 + 32. Let c be (-161)/(-35) + (-6)/l. Suppose 572 = c*o - a - 383, -5*o + 2*a + 955 = 0. Is o a prime number?
True
Let y = 228 - 4. Suppose -y*k + 14536 = -216*k. Is k prime?
False
Let h(j) = 9 + 5*j**2 - 2 + 4 + 8*j - 6*j**3 + 5*j**3. Is h(6) prime?
True
Is (-120189055)/(-875) + (-2)/(-25) a composite number?
False
Let c = 35808 - 24228. Let i = c + -5995. Is i a composite number?
True
Let z be (78/90 - 1) + (-5138196)/(-45). Suppose 17*o - 54*o + z = 0. Is o prime?
False
Suppose i = -16*h + 15*h + 650394, -3251998 = -5*i - h. Is i composite?
False
Is (-1 - -18)*(-5 - 4907)/(-16) a composite number?
True
Is ((-1)/(-3))/((-99803048)/(-4990152) - 20) prime?
True
Suppose 15 = 3*u - t + 4*t, -u - 4*t + 14 = 0. Let f = 65 - 64. Is (u - 224)*f/(-2) composite?
True
Is 4/(-8)*2278058/(-23) composite?
False
Suppose 0 = -l - 3*h + 13792 - 4361, -l + 9449 = h. Is l composite?
True
Let j(p) = -12*p + 42. Let x be j(3). Suppose -155242 + 15736 = -x*r. I